-f**2 - 40*f - 65. Let v(p) = -7*b(p) + 4*h(p). What is v(10)?
-41
Let w(s) = s**3 + 5*s**2 - 19*s + 1. Let f(v) = -v**3 - 44*v**2 + 97*v + 233. Let o be f(-46). Give w(o).
16
Let z(l) = -292*l + 4. Let q(d) = 103*d - 1. Let f(j) = 17*q(j) + 6*z(j). Calculate f(-3).
10
Let f(t) = 5*t**2 + 21 - 3*t**2 - 5*t - 17 + 0*t**2. Let l be (-4)/(-6)*30/5. Give f(l).
16
Let u = -10641 - -10647. Let i(x) = x**2 - 11*x + 5. Determine i(u).
-25
Let f(p) be the second derivative of -p**4/12 - 13*p**3/6 + 5*p**2/2 + 159*p. Let a = 26 - 39. What is f(a)?
5
Let n(h) be the third derivative of h**6/120 + h**5/10 - 5*h**4/12 - 7*h**3/2 - 1019*h**2. Calculate n(-7).
0
Let y = 21 - 19. Let m(x) = 5*x**2 - 181 + 4*x + 95 + 88 - 2*x**y. Calculate m(-2).
6
Let c(r) = 12*r**3 - 8*r**2 + 2*r - 2. Let v(x) = 0 - x - 5 - 5*x**3 + 6 + 3*x**2. Let w(d) = -4*c(d) - 10*v(d). Determine w(2).
26
Let n(i) = -i**3 - i**2 + 4*i + 5. Suppose d + 3*z + 3 = 0, 3 + 6 = -3*d - 4*z. Give n(d).
11
Let y(v) = v**3 - 3*v**2 - 39*v - 65. Let r be y(-2). Let s(i) = -2*i**2 - 6*i - 6. Give s(r).
-62
Let z(a) be the first derivative of a**3/3 + a - 3393. Calculate z(-6).
37
Let m(h) = h**2 - 14*h - 20. Let x(r) = -2*r**2 + 4*r - 1. Let b(s) = -m(s) - x(s). Calculate b(-8).
5
Let l(i) = -2*i**3 + i - 1. Let m(j) = -6*j**3 - j**2 + 5*j - 10. Let h(s) = 4*l(s) - m(s). Give h(2).
-8
Let r(c) = 16*c - 2. Suppose 4*v + 3*k = 25, 0 = 16*v - 17*v + 3*k - 5. Calculate r(v).
62
Let w(u) = -u**2 + 1439 + 7*u + u - 1444 + 0*u**2. Let q be -30*(2 - (-16)/(-10)). Let c(k) = -k**2 - 14*k - 18. Let h be c(q). Calculate w(h).
7
Let m = -244 + 247. Let d(k) = k + 3*k**2 - 1707 + 1710 + k + m*k**3. Determine d(-2).
-13
Suppose 0 = -g + 5*q + 6, -4*g + 2*q = -0*g - 6. Let j = g + 1. Let a(v) be the second derivative of v**5/10 - v**3/2 + 3*v**2/2 - 2707*v. Give a(j).
13
Let c(h) = -18*h**2 - 23*h + 33. Let m(q) = -14*q**2 - 22*q + 38. Let k(j) = 4*c(j) - 5*m(j). Give k(5).
-18
Let d(f) be the first derivative of 2*f**3/3 + 3*f**2/2 - 52. Suppose 4*j = -2*o + 22, -2*j + 5*o - o = -26. Suppose j*i = 3*i - 8. Determine d(i).
2
Let t(r) = 2*r**2 + 3*r - 1. Suppose -44 - 6 = -26*s - 24. Calculate t(s).
4
Let a(m) = 2*m**3 + 34*m**2 + 41*m + 17. Let w(s) = -3*s**3 - 51*s**2 - 61*s - 27. Let r(k) = -7*a(k) - 5*w(k). What is r(-16)?
-16
Let l(n) = n**3 + 13*n**2 + 5*n - 34. Let x be l(-12). Let r be 20/x*10 + -13. Let a(p) = -p + 6. What is a(r)?
15
Let g = -5356 - -5327. Let n(p) = -28*p - 813. Determine n(g).
-1
Let h = 19 - 17. Let f(v) = -19*v - 4. Let y(l) = 35*l + 8. Let m = -401 - -390. Let u(q) = m*f(q) - 6*y(q). What is u(h)?
-6
Let m(h) = -h**3 + 11*h**2 - 9*h - 7. Let w be m(10). Let t(c) = c**w + 3 - 2 - 2*c**3 + c**2. Let q = 369 + -367. Give t(q).
-3
Suppose -6*i = -13*i. Let k(n) = i*n + 39 + 0*n + 6*n - 38. Give k(3).
19
Let i(n) be the second derivative of -n**4/6 + 2*n**3/3 + n**2 - 3667*n. Let a = 5 - -9. Let z = a - 10. Calculate i(z).
-14
Let o be 65/30 + (-2)/12. Let x(l) = -l**o - 6*l + 1 + 2*l + l**2 + l**2. Let j(q) = q**3 + 7*q**2 - 142*q - 884. Let s be j(-6). Give x(s).
1
Let v(f) = f**3 - 10*f**2 + 4*f + 14. Suppose -76*a - 2*s - 18 = -77*a, 12 = -3*s. Determine v(a).
54
Let c(d) be the second derivative of d**3/6 + 11*d**2/2 - 8*d. Let w be c(-6). Suppose -29 + 64 = -w*p. Let u(f) = -f + 5. Determine u(p).
12
Let s(w) = -19*w + 26. Let k(t) = 131*t - 179. Let y(d) = -3*k(d) - 20*s(d). What is y(3)?
-22
Let l(y) be the first derivative of 30*y + 25 + 1/12*y**4 + 1/3*y**3 + y**2. Let w(f) be the first derivative of l(f). Determine w(-3).
5
Let g(a) = a**3 - 3*a**2 - 3*a - 2. Let t(d) = -3*d**2 - 70*d + 52. Let r be t(-24). Suppose -4*z + 12 = -3*n + 5*n, r*n - 17 = -z. Give g(n).
2
Let i(w) = -159*w - 533. Let y(j) = 52*j + 178. Let z(t) = -2*i(t) - 7*y(t). Determine z(-4).
4
Let w be (-325)/(-130)*8/((-2)/1). Let c be (-1)/(5/30) - w - 8. Let t(h) = -3 + 4*h**2 - 3*h**2 + 6*h - 3*h. Determine t(c).
1
Suppose 3*o = 4*g + 10, 3*g - 3*o + 8 = -o. Let y be (7 - g)/(-3 + 1 + 1). Let r(i) = 5*i + 2. Let k(l) = -9*l - 2. Let f(h) = -6*k(h) - 11*r(h). Give f(y).
1
Let m(y) = -y**3 - y**2 + 17*y. Let o(n) = -4*n**3 - 15*n**2 + 105*n + 16. Let p(u) = 5*m(u) - o(u). What is p(5)?
9
Let f(p) = 1 - 84*p**3 + 3*p**2 + 85*p**3 - 23*p**2 + 39*p**2. Determine f(-19).
1
Let i(h) = -4*h - 8. Let y be (21/(-12))/(2/(-24)). Let a be (-3*(-4)/(-6))/(6/y). What is i(a)?
20
Let d = -6 + 4. Suppose 5*i = -20, -5*s = -s + 3*i - 332. Let x(a) = -s + a - 3*a + 86. Give x(d).
4
Suppose 0 = 48*u - 53*u - 30. Let z = 5 - -5. Let t(k) = -6 + z*k - 12*k + 0. Give t(u).
6
Let z(y) = -6*y**3 - 2*y**2 + 2*y + 1. Let a = 2300 - 2298. Calculate z(a).
-51
Suppose 30 = -14*j + 17*j. Let b(g) = g**3 - 9*g**2 - 11*g + 13. Let p be b(j). Let f(t) = 9*t**2 + 11*t + 4*t**2 - 5*t**2 - 2*t + t**p. Give f(-7).
-14
Let c(y) = -y**2 - y + 1. Let f(g) = g**2 + 8*g - 16. Let n be f(-11). Let l = n - -4. Suppose -5*v = -5*r + 3 - 18, -2*r = -5*v + l. Give c(r).
-5
Let c be 0*((-8)/(-2) - 3). Suppose 4*y - f - 29 = c, y + 4*f = 3*y - 18. Let x(s) = -s + 3. What is x(y)?
-4
Let m(l) be the second derivative of -l**5/20 - l**4/4 - 2*l**3/3 - l**2/2 + 1104*l - 1. Calculate m(-4).
31
Let b(z) = 12 - 9*z**2 + 2306*z - 1078*z + 8*z**2 - 1229*z. Let h(p) = p**3 + 5*p**2 - 4*p + 8. Let d be h(-6). What is b(d)?
0
Let f = -3871 + 3954. Suppose -4*k = -4*n + 64, -n + 6 = k - 0. Suppose n*t - 5 = f. Let r(m) = -m**3 + 7*m**2 + 6*m + 7. Calculate r(t).
-9
Suppose -46 = -7*n - 18. Let v be 1 + (12/n)/3. Let d(u) = 22*u**3 - 3*u - 6*u**v - 23*u**3 - 2*u - 3. Calculate d(-3).
-15
Let b = -6 + 12. Let u(q) be the third derivative of q**4/24 + 7*q**3/6 + 166*q**2 + 2*q. Let n(g) = 2*g + 14. Let c(z) = 3*n(z) - 7*u(z). Determine c(b).
-13
Let t(i) = 4*i - 49. Let a(f) = 2*f**3 - 30*f**2 + 3*f - 35. Let l be a(15). Calculate t(l).
-9
Let p(j) = j. Let w(m) = m**2 - 10. Suppose -2*t = 6*t - 8. Let x(i) = t*w(i) - 6*p(i). Determine x(7).
-3
Suppose -5*y - 3 = -q + 20, 0 = -3*y - 12. Let t(c) = c**3 + q - 2*c + 9*c**2 + 15*c**2 - 21*c**2. What is t(-3)?
9
Let u(b) = 7*b + 7*b - 18*b. Suppose -66 = 6*r - 8*r. Let x = 31 - r. Calculate u(x).
8
Let j(f) be the second derivative of -13*f**3/6 + 2*f**2 + 3*f - 1108. Calculate j(-3).
43
Let a(r) = -r**3 + 5*r**2 + 7*r - 12. Let g = -7771 + 7778. Calculate a(g).
-61
Let g(v) = -140*v**2 - 423*v + 310. Let n(u) = 56*u**2 + 169*u - 121. Let j(b) = 7*g(b) + 18*n(b). Determine j(-3).
1
Let p(h) = -3*h - 1. Let n(t) = 16*t - 4. Let g(j) = -n(j) - 4*p(j). What is g(0)?
8
Let m(k) = 4*k - 4*k + 2*k - 20 - k. Let v(i) = -6*i - 6. Let t be v(-3). Give m(t).
-8
Let c(b) = 30*b**2 + b**3 - 6*b**2 - 100*b - 105*b + 228*b. Determine c(-23).
0
Let l(w) be the second derivative of 4*w**3/3 + 153*w**2 - 33*w + 32. What is l(-40)?
-14
Suppose -18*h + 396 = -6*h. Let o(n) = h*n - 24*n - 8*n - 2. Give o(4).
2
Let c(b) = 5 - 16 + 11 + 16*b**2. Let u be -3 - (-24)/10 - (-2)/(-5). Determine c(u).
16
Let c(v) = -2*v**2 - 4*v + 2. Let y be c(0). Let l(t) = 0*t**y + 484*t**3 + 494*t**3 + 5*t**2 - t - 979*t**3. Calculate l(5).
-5
Let r(z) = z**3 + 2*z**2 + 32*z - 59. Let u be r(2). Let w(f) = -f**2 + 25*f - 92. Give w(u).
-8
Let p(c) be the third derivative of c**5/60 + c**4/4 - 2*c**3/3 + 180*c**2. Suppose 4*m + 5 = 5*k - 4, 3*k + 1 = -4*m. Let z be (-1)/(0 - k)*-5. Give p(z).
-9
Suppose -d + 15 = 2*d, 68 = -3*a + d. Let f = 28 + a. Let n(b) be the first derivative of -b**4/4 + 2*b**3 + 5*b**2/2 + 4*b - 28. Determine n(f).
-10
Suppose 5*z - 4*b - 25 = 0, 5*b + 31 - 6 = 5*z. Let c(t) = -9*t - 2*t + 14*t - z*t. Give c(-10).
20
Let f(g) = g**2 + 4*g - 3. Suppose 51*t = 29*t + 44. What is f(t)?
9
Let j be 19*(5 + 0 + -4). Let k be (j - 9)*2/4. Let z(u) = 1 - u**2 + 0*u - 1 - 3*u - k. Determine z(-4).
-9
Let d(v) = -v + 8. Let k = 1944 + -1946. What is d(k)?
10
Let m(v) be the first derivative of 1/2*v**2 - 18 - 10*v. Suppose -57 = -5*h - 3*c, -3*c = h - 4*c - 5. Determine m(h).
-1
Let w(d) be the third derivative of -d**4/24 + d**3/6 + d**2. Suppose 0 = 2*c + 2*j + 84, 0 = -0*j - j + 4. Let r = -48 - c. Calculate w(r).
3
Suppose -64*s - 10 = -74*s. Suppose -4*q = 2*x, -4*q + 3*x - s - 9 = 0. Let k(v) = v. Calculate k(q).
-1
Let r = -3/68 - -31/510